4*x**2. Let l be (-10)/(-5)*(2 - -3). Calculate the remainder when 38 is divided by r(l).
8
Suppose 2*p = 3*d + 123, -d + 74 = -0*p + p. What is the remainder when p is divided by 25?
19
What is the remainder when 43 is divided by 9/1 + (-2 - (3 - 3))?
1
Let o(g) = 9*g - 12 - 13*g**2 + 13*g**2 + g**3 - 7*g**2. Calculate the remainder when 16 is divided by o(6).
4
Let x(d) = -d**2 + 12*d - 10. Let b be x(10). Suppose 4*y = -y + 80. What is the remainder when (11 - b)/(1/30) is divided by y?
14
Suppose 2*u - 17 - 23 = 0. Let q be ((-24)/u)/(8/(-20)). Suppose -v + 2*f + 0*f + 53 = 0, q*v - 162 = 5*f. Calculate the remainder when v is divided by 31.
28
Suppose 281 = 11*i - 27. Calculate the remainder when 139 is divided by i.
27
Let p = -17 - -28. Let r = -8 + 10. Suppose 6*d = -r*x + d + 61, -235 = -5*x + 4*d. Calculate the remainder when x is divided by p.
10
Suppose -2*d = d - 5*u - 13, 0 = d + u - 15. What is the remainder when 30 is divided by d?
8
Suppose 3*z = -8 + 5, -3*z - 437 = -2*p. What is the remainder when p is divided by 55?
52
Let y(w) = w**3 + 5*w**2 - w - 1. Let r be y(-5). Let c be 886/8 - 3/r. Suppose -b = 4*b - c. What is the remainder when 43 is divided by b?
21
Suppose 4*a - 2*q = -10, -4*q - q = a - 25. Suppose -5*m - 120 - 270 = a. What is the remainder when 50 is divided by (-1)/(-3)*m/(-2)?
11
Let q = 424 - 373. Calculate the remainder when q is divided by 9.
6
Let j = 1477 - 1438. Let x(i) = -i**3 + 6*i**2 - 7*i + 5. Let y be x(4). Suppose n - 1 = y. What is the remainder when j is divided by n?
9
Let h(b) = -b**3 + 5*b**2 + b - 1. Suppose -p = -49 + 11. Suppose 0 = -t + p - 31. What is the remainder when t is divided by h(5)?
3
Let j = 296 + -235. What is the remainder when j is divided by 28?
5
Let f be 258*(3*3/(-9))/(-3). Let q = 102 - f. What is the remainder when q is divided by 9?
7
Let t(f) = -f**2 + 14*f - 5. Let p be t(6). Let q = 83 - p. Let i = 9 + 5. Calculate the remainder when q is divided by i.
12
Let w = -57 + 140. Let n = w + -36. What is the remainder when n is divided by 25?
22
Let g(k) = k**3 - 23*k**2 - 45*k - 85. What is the remainder when g(25) is divided by 13?
1
Let r be (1 - 0)/(2/(-34)). Let g be (-36)/r - 4/34. Suppose 5*w - 110 = 3*w - g*n, 3*n - 283 = -5*w. Calculate the remainder when w is divided by 16.
11
Suppose 0 = 5*b + h - 135, 4*h = -4*b + 86 + 38. Let j(a) = -a**2 + 13*a - 27. Calculate the remainder when b is divided by j(7).
11
Suppose 2 + 2 = -u, 5*k - u - 14 = 0. Let w = 16 - k. What is the remainder when 38 is divided by w?
10
Suppose a - 3*r = 2*a - 5, 3*r + 51 = 3*a. Let s = -32 + 58. Calculate the remainder when s is divided by a.
12
Suppose 70 = 2*d + 5*d. What is the remainder when 50 is divided by d?
0
Calculate the remainder when 300 is divided by 50 - 4 - 2 - (2 - 1).
42
Let x(t) = 14*t - 17. Let s be x(8). Calculate the remainder when 46 is divided by 2/3 + s/15.
4
Let a(x) = -14*x + 56. Let c be a(9). Let j = -64 - c. What is the remainder when 34 is divided by j?
4
Suppose -3*y + 1006 = -4*t - 984, 4*t - 2006 = -3*y. Calculate the remainder when y is divided by 61.
56
Suppose 0 = 2*g - 3*i - 9, -5*g - 2*i + 14 = -56. Calculate the remainder when 131 is divided by g.
11
Suppose s - 57 = -10. What is the remainder when s is divided by 3?
2
Let s(y) = 17*y - 31. Calculate the remainder when 14 is divided by s(2).
2
Let k(b) = b. Let l be k(2). Let r(a) = -1 - l + 8*a - 3*a. What is the remainder when 57 is divided by r(3)?
9
Let d = 158 - 149. What is the remainder when d is divided by (1/2)/(1/12)?
3
Let v = 58 + -30. Let x = 1773 + -1634. What is the remainder when x is divided by v?
27
Let q(s) = -s**3 + 4*s**2 + 11*s + 9. Calculate the remainder when 20 is divided by q(6).
2
Let b = -1403 + 1432. Suppose 5*m - 6 - 49 = 0. Calculate the remainder when b is divided by m.
7
Let i = 39 + -37. Suppose 0*t + i*t - 2*s = 124, -t + 57 = 4*s. Calculate the remainder when t is divided by 3/(6/32) + 0.
13
Suppose 0 = -2*n - 2618 - 4186. Calculate the remainder when 2/8 - n/56 is divided by 22.
17
Let f(u) = -2*u**2 + 48*u + 66. What is the remainder when 207 is divided by f(25)?
15
Let h(l) = l**2 + 5*l + 104. Calculate the remainder when h(8) is divided by 110.
98
Let u = -11 - -19. Let b = 17 - u. Let z = 123 + -88. What is the remainder when z is divided by b?
8
Let i be ((-2)/3)/((-7)/(-546)). Let n = i - -75. What is the remainder when 111 is divided by n?
19
Let n(y) = -y**3 + 11*y**2 - 18*y + 13. Suppose -m + 1 + 8 = 0. What is the remainder when 51 is divided by n(m)?
12
Suppose z - 2*p = -0*z - 1, -4*z = -5*p - 5. Suppose 4*x - 78 = -0*m - 5*m, -z*m + 4*x = -102. What is the remainder when 46 is divided by m?
10
Let m be (4 + -7)/3 - 2. Calculate the remainder when 42 is divided by (704/(-48))/(2/m).
20
Suppose 15*b - 2894 = -269. Calculate the remainder when b is divided by 14.
7
Let w(m) = m**3 + 7*m**2 + 8*m + 5. Calculate the remainder when (-16)/(-7 - (-488)/72) is divided by w(-5).
12
Suppose -4*j + 80 = -32. What is the remainder when 75 is divided by j?
19
Let g be ((-3)/9)/(3/(-27)). Suppose -j - g*o = -2*o - 209, 851 = 4*j + o. Suppose 0*h = -2*h + j. Calculate the remainder when h is divided by 27.
26
Suppose 0 = -3*o + 1 + 8. Let y = 16 + -8. What is the remainder when y is divided by o?
2
Let k(p) = 12*p - 18. What is the remainder when k(3) is divided by (26 - 18) + (-2)/2?
4
Let j be 1 + (9 - 1)/2. Suppose 0 = -2*a - n + 37, -j*n + 10*n = -2*a + 33. Let m(v) = 2*v**2 + 5*v - 1. Calculate the remainder when m(5) is divided by a.
17
Suppose 1785*a - 654 = 1783*a. What is the remainder when a is divided by 30?
27
Suppose a - 4 = 5*z, -5*a - 3*z + 5*z = -20. Suppose h = -a, 3 = 4*k - 5*h - 29. What is the remainder when 3 is divided by k?
0
Let u(t) = -3*t + 14. What is the remainder when 26 is divided by u(0)?
12
Suppose 0 = -3*b - 0*b + 9. Suppose b*n + h - 38 = 0, -h - 2*h = -5*n + 40. Calculate the remainder when n is divided by 7.
4
Suppose -2*s - s + 6 = 0. Let x(r) = 2*r**3 + r**2 - 2*r - 1. What is the remainder when 43 is divided by x(s)?
13
Let i be (-6)/(-4)*(-204)/(-9). Let p = i + -32. Let z(s) = 7*s**3 + s**2 + 2*s - 3. Calculate the remainder when z(p) is divided by 21.
19
What is the remainder when 8 - 1 - (-3 + 0/10) is divided by (-2 - 6)/(-1) + 2?
0
Suppose -k - 2 + 5 = 4*d, 0 = -3*k - 3*d + 9. Suppose -k*c = -c + 4*i - 28, -4*i = -16. Calculate the remainder when c is divided by 10/(-8) + 1 + (-27)/(-12).
0
Suppose 3*o + y - 177 = 0, -2*y = -3*o + 186 - 0. Calculate the remainder when o is divided by 11.
5
Suppose 30*i - 39*i + 1269 = 0. Calculate the remainder when i is divided by 13.
11
Let k = 2370 - 2273. What is the remainder when 572 is divided by k?
87
Suppose -4*n + 15 = 3. Suppose -25 = -0*f - n*f + 4*g, -f = 2*g + 5. Calculate the remainder when 9 is divided by f.
0
Let q be 6/5*(-5)/(-1). Suppose 0 = -2*j - 2*u + 20, -2 = j - u - q. Suppose 29 = 2*b + 5. Calculate the remainder when b is divided by j.
5
Suppose 6*d = 61 + 59. What is the remainder when d is divided by 12?
8
Let s be (-8)/(-6) - (-1)/(-3). Let j(g) = 4*g. Let w be j(s). Suppose w*l - 15 = 3*l. Calculate the remainder when 57 is divided by l.
12
Suppose 0 = -90*i + 100*i - 730. What is the remainder when 143 is divided by i?
70
Let u = -27 + 58. Let i = -22 + u. Suppose -23 - i = -x. What is the remainder when x is divided by 17?
15
Let c = 208 - 199. What is the remainder when 12 is divided by c?
3
Let k be (-119)/(-28) + 2/(-8). Suppose -k*n + 68 = -56. What is the remainder when n is divided by 16?
15
Suppose 14 = 4*b - 2*l, -4*b - 4*l = -9*l - 5. Suppose -5*n + 16 = 1. Suppose -n*f + z = 5*z - 34, b*f - 26 = z. Calculate the remainder when f is divided by 4.
2
Calculate the remainder when (-14)/21*((-3948)/8)/7 is divided by 8.
7
Let h = 111 + -104. What is the remainder when 109 is divided by h?
4
Suppose 677 = 3*a - 2*c, -a - 4*c + 192 = -15. Calculate the remainder when a is divided by 16.
15
Let a = -10 - -10. Let o = 3 - a. Calculate the remainder when 3 is divided by -2 - -6 - o - 0.
0
Let g be 1001/(-44) + (-1)/4. Let q = g - -49. What is the remainder when q is divided by (9 - 0)*(-1 - -2)?
8
Suppose -7*f + 5*f + 164 = 3*g, -3*f + 218 = 4*g. C